 a factor of 1276125?
True
Is 699476 a multiple of 389?
False
Does 181 divide 11765?
True
Does 754 divide 3780556?
True
Does 75 divide 534115?
False
Is 117768 a multiple of 24?
True
Does 71 divide 414661?
False
Is 40215 a multiple of 24?
False
Does 11 divide 659779?
False
Does 347 divide 1146488?
True
Is 51365 a multiple of 3?
False
Does 28 divide 2158819?
False
Does 57 divide 72583?
False
Is 619 a factor of 1111724?
True
Is 22 a factor of 11814?
True
Does 15 divide 1719073?
False
Is 159 a factor of 98103?
True
Is 1357160 a multiple of 185?
True
Is 393 a factor of 878748?
True
Is 1325789 a multiple of 6?
False
Is 2981311 a multiple of 209?
False
Is 11231264 a multiple of 305?
False
Is 45 a factor of 511009?
False
Is 1827285 a multiple of 5?
True
Is 17 a factor of 1153602?
False
Is 2704711 a multiple of 181?
False
Does 267 divide 55877?
False
Does 551 divide 1352705?
True
Is 77139 a multiple of 7?
False
Does 446 divide 2946476?
False
Is 1245504 a multiple of 32?
True
Is 1387144 a multiple of 22?
True
Does 21 divide 6028370?
False
Is 165 a factor of 383130?
True
Is 112 a factor of 352128?
True
Does 11 divide 94990?
False
Does 34 divide 6732102?
True
Does 345 divide 3770789?
False
Is 17 a factor of 5436103?
False
Is 5200 a multiple of 10?
True
Is 5 a factor of 9340?
True
Is 99476 a multiple of 238?
False
Is 226854 a multiple of 52?
False
Is 10 a factor of 68630?
True
Is 94650 a multiple of 10?
True
Is 293 a factor of 164087?
False
Is 243 a factor of 299619?
True
Is 9 a factor of 288828?
True
Is 431529 a multiple of 147?
False
Is 462 a factor of 358050?
True
Is 648999 a multiple of 75?
False
Does 121 divide 2595208?
True
Does 4 divide 10777?
False
Does 27 divide 17766?
True
Is 100 a factor of 2090200?
True
Is 26 a factor of 40924?
True
Is 701584 a multiple of 26?
True
Is 113 a factor of 1715001?
True
Is 205 a factor of 15785?
True
Is 87 a factor of 27579?
True
Is 576 a multiple of 64?
True
Does 32 divide 4207405?
False
Is 33 a factor of 2876775?
True
Is 3 a factor of 97251?
True
Is 50980 a multiple of 120?
False
Is 114 a factor of 198588?
True
Is 11 a factor of 166994?
False
Is 3056791 a multiple of 19?
False
Does 35 divide 96891?
False
Is 438293 a multiple of 28?
False
Is 131 a factor of 568104?
False
Is 28 a factor of 2615365?
False
Does 917 divide 1655138?
False
Is 18 a factor of 183314?
False
Does 118 divide 91096?
True
Is 372 a multiple of 4?
True
Is 85 a factor of 993663?
False
Is 51 a factor of 38886?
False
Is 10 a factor of 264440?
True
Does 176 divide 544368?
True
Does 22 divide 382066?
False
Is 100642 a multiple of 439?
False
Does 42 divide 431787?
False
Is 325 a factor of 217100?
True
Is 286 a factor of 156564?
False
Is 853434 a multiple of 227?
False
Is 16254 a multiple of 68?
False
Does 11 divide 148797?
True
Is 11 a factor of 16475951?
False
Is 69 a factor of 25806?
True
Does 39 divide 972179?
False
Is 351 a factor of 1187784?
True
Is 23 a factor of 859394?
False
Is 131 a factor of 1970371?
True
Is 554 a factor of 3455812?
False
Is 61 a factor of 111376?
False
Is 17 a factor of 12899331?
False
Does 91 divide 14545797?
False
Is 4 a factor of 198728?
True
Is 11135 a multiple of 134?
False
Is 73 a factor of 420480?
True
Does 8 divide 106454?
False
Is 93970 a multiple of 39?
False
Is 3647475 a multiple of 109?
False
Does 5 divide 140665?
True
Is 55 a factor of 531373?
False
Is 34 a factor of 18959?
False
Is 7505543 a multiple of 1288?
False
Does 652 divide 53001?
False
Does 79 divide 102147?
True
Is 929040 a multiple of 84?
True
Is 11225355 a multiple of 486?
False
Is 123 a factor of 72682?
False
Is 98 a factor of 832314?
True
Is 333445 a multiple of 49?
True
Is 423414 a multiple of 4?
False
Is 12 a factor of 16972?
False
Is 5 a factor of 606105?
True
Does 210 divide 342300?
True
Does 38 divide 3720542?
True
Is 19 a factor of 444752?
True
Does 48 divide 41040?
True
Is 187 a factor of 1747515?
True
Is 11 a factor of 25685?
True
Is 76 a factor of 4749164?
True
Is 139 a factor of 65054?
False
Does 556 divide 1671336?
True
Does 101 divide 929176?
False
Is 245 a factor of 448425?
False
Is 636378 a multiple of 578?
True
Is 42620 a multiple of 33?
False
Does 496 divide 104656?
True
Is 6209172 a multiple of 41?
False
Is 2171890 a multiple of 23?
True
Is 2 a factor of 42689?
False
Is 10 a factor of 1094700?
True
Is 24 a factor of 439285?
False
Is 204 a factor of 79764?
True
Is 277104 a multiple of 69?
True
Does 628 divide 137619?
False
Does 27 divide 451049?
False
Is 510874 a multiple of 49?
True
Is 92 a factor of 1324616?
True
Is 44 a factor of 1380240?
False
Is 299 a factor of 5018117?
True
Is 57048 a multiple of 22?
False
Does 5 divide 1465797?
False
Does 17 divide 12608?
False
Does 158 divide 17363252?
True
Does 80 divide 1941302?
False
Is 93425 a multiple of 37?
True
Is 3886764 a multiple of 21?
True
Is 1106961 a multiple of 71?
True
Is 12979820 a multiple of 406?
True
Is 4113945 a multiple of 15?
True
Does 260 divide 289900?
True
Is 66759 a multiple of 9?
False
Is 484406 a multiple of 62?
True
Is 1868150 a multiple of 25?
True
Does 226 divide 425332?
True
Is 46 a factor of 8987?
False
Is 770760 a multiple of 135?
False
Is 334 a factor of 6461564?
True
Is 70 a factor of 127624?
False
Is 290 a factor of 8417076?
False
Does 11 divide 50969?
False
Is 24 a factor of 483970?
False
Is 2432 a multiple of 64?
True
Is 2601884 a multiple of 922?
True
Is 392 a factor of 433944?
True
Is 154590 a multiple of 46?
False
Is 7 a factor of 589694?
True
Is 57 a factor of 11229?
True
Is 8941 a multiple of 7?
False
Is 189 a factor of 6932281?
False
Is 5031884 a multiple of 836?
True
Is 390 a factor of 717210?
True
Does 1064 divide 1810238?
False
Is 63130 a multiple of 59?
True
Is 10368 a multiple of 8?
True
Does 664 divide 2057736?
True
Does 1088 divide 3372800?
True
Is 71 a factor of 313661?
False
Is 17 a factor of 255780?
False
Does 12 divide 3320016?
True
Is 13 a factor of 27126658?
True
Is 1452768 a multiple of 48?
True
Does 5 divide 3099?
False
Is 11079345 a multiple of 57?
False
Is 59 a factor of 15761475?
False
Is 459097 a multiple of 25?
False
Is 1155384 a multiple of 324?
True
Does 12 divide 156468?
True
Is 2 a factor of 1764788?
True
Is 13 a factor of 2143150?
False
Is 70036 a multiple of 10?
False
Is 22 a factor of 785092?
True
Is 2198490 a multiple of 30?
True
Is 3241 a multiple of 7?
True
Is 647045 a multiple of 19?
True
Does 137 divide 219571?
False
Is 160 a factor of 9912043?
False
Does 25 divide 35900?
True
Does 361 divide 100788?
False
Is 1101760 a multiple of 440?
True
Does 34 divide 121708?
False
Does 242 divide 296256?
False
Does 2 divide 1527?
False
Is 54373 a multiple of 168?
False
Is 63574 a multiple of 7?
True
Is 3845271 a multiple of 173?
True
Is 1475365 a multiple of 45?
False
Does 2 divide 10129?
False
Is 8 a factor of 117680?
True
Does 117 divide 595881?
True
Does 9 divide 435708?
True
Is 44 a factor of 671253?
False
Is 12 a factor of 167268?
True
Is 1555632 a multiple of 312?
True
Does 52 divide 110812?
True
Does 61 divide 3677446?
True
Is 12606 a multiple of 4?
False
Does 282 divide 198040?
False
Is 181 a factor of 895769?
True
Is 5770863 a multiple of 1251?
True
Is 273533 a multiple of 21?
False
Does 159 divide 900580?
False
Is 247624 a multiple of 19?
False
Does 99 divide 116214?
False
Is 13075554 a multiple of 274?
True
Is 24 a factor of 6864?
True
Does 303 divide 2372142?
False
Is 23878620 a multiple of 347?
False
Does 76 divide 12359576?
True
Is 104139 a multiple of 34?
False
Is 2 a factor of 8663?
False
Is 517104 a multiple of 504?
True
Does 35 divide 2423680?
True
Does 2 divide 10997?
False
Is 23 a factor of 452686?
True
Is 43 a factor of 314330?
True
Is 351168 a multiple of 58?
False
Is 42713 a multiple of 9?
False
Is 11 a factor of 48389?
True
Is 149440 a multiple of 160?
True
Does 70 divide 190750?
True
Is 121 a factor of 70769?
False
Is 57 a factor of 1151229?
True
Is 29 a factor of 16111526?
False
Is 330271 a multiple of 2?
False
Is 61404 even?
True
Is 1594361 a multiple of 435?
False
Is 39 a factor of 1058460?
True
Does 94 divide 103494?
True
Is 398 a factor of 14609784?
True
Is 1303 a factor of 7138914?
False
Is 36 a factor of 414792?
True
Does 40 divide 86032?
False
Does 12 divide 3004272?
True
Is 830152 a multip